(4).
5
Suppose -5*t + 5*p = -65, 5*p = 3*t - 7*t + 16. Let d = 11 - t. Let b = 32 + -22. What is the remainder when b is divided by d?
0
Suppose 3*q + v = 694 + 2058, 2*q + 5*v = 1839. What is the remainder when q is divided by 46?
43
Let n = -456 - -459. Suppose l + 20 - 69 = 0. What is the remainder when l is divided by n?
1
Let t(f) = f**3 - f**2 + 6*f + 3. Let j = 1756 + -1711. Calculate the remainder when t(5) is divided by j.
43
Suppose 5*u + 2*d = -3*d - 10, 4*u = -5*d - 9. Calculate the remainder when 46 is divided by (u*3)/((-27)/225).
21
Let s(b) = -b**3 + 14*b**2 - 23*b + 35. Calculate the remainder when s(11) is divided by 50.
45
Let c = 195 + -158. Calculate the remainder when 138 is divided by c.
27
Let x = 0 + 5. Let o = -55 + 60. Calculate the remainder when x - 0 - (2 - 4) is divided by o.
2
Suppose -8 = -3*x + 4. Let p = x - 9. Let t = p + 9. What is the remainder when 5 is divided by t?
1
Let n(d) = -d**2 + 22*d - 43. Let t = 7 - 1. What is the remainder when 684/30*(t + -1) is divided by n(18)?
27
Let c(i) = i**2 - 14*i - 31. Calculate the remainder when 9 is divided by c(16).
0
Let c(w) = -w**2 + w + 10. Suppose -f = 2*m - 5, 6 = -2*m - 5*f - 1. Suppose m*y - 17 + 1 = 0. Calculate the remainder when c(0) is divided by y.
2
Suppose 2*s = -5*u + 42, -3*s + u - 4*u + 45 = 0. Suppose -3*j = 2*o - s, -5*o - 53 = -j - 3*j. Calculate the remainder when 48 is divided by j.
6
Let v = -82 + 187. What is the remainder when v is divided by 28?
21
Calculate the remainder when 88/66 - 568/(-6) is divided by 14.
12
Suppose -5*z + 2*m - 25 = -3*m, -5*z - m = 19. Calculate the remainder when 7 is divided by 0 + -2 + 8 + (z - -1).
1
Suppose 3*p = -r + 128, -p = 3*r - 195 - 165. What is the remainder when r is divided by 11?
9
Suppose 189 = -3240*j + 3247*j. What is the remainder when j is divided by 21?
6
Let r = 96 - 96. Let x = r + 11. What is the remainder when 43 is divided by x?
10
Suppose -235 = -9*u - 37. Suppose -2*k + 300 = o, -5*k + 308 = -3*k - 3*o. What is the remainder when k is divided by u?
19
Suppose 0 = 2*w + v - 27 - 24, -5*v = -4*w + 95. Suppose -b - k - 37 = -5*b, 0 = 5*b + 3*k - w. Calculate the remainder when 12 is divided by b.
4
Let f = -9 - -30. What is the remainder when 18 is divided by -2*(2 + f/(-6))?
0
Let t(s) = -9*s + 109. What is the remainder when t(7) is divided by 13?
7
Suppose 174*y - 171*y - 78 = 0. What is the remainder when 64 is divided by y?
12
What is the remainder when 371 is divided by 828*4/54*3?
3
Let b(u) = -u**2 + u + 1. Let o(k) = k**3 - 14*k**2 + 10*k + 10. Let q(a) = 6*b(a) - o(a). What is the remainder when q(6) is divided by 9?
8
Suppose 2*n + 3*n = 3*l - 38, -3*l = 12. Suppose -g = -165 + 40. What is the remainder when 78 is divided by (8/n)/((-5)/g)?
18
Suppose -t - 5*n - 3 = -21, 2*t = -n. Suppose c + i = 14, -33 = -2*c + 3*i - 4*i. Calculate the remainder when c is divided by (-42)/(-4) + t/(-4).
8
Suppose -5*k - 32 = 3. Let v = 11 - k. Let g = -512 - -583. What is the remainder when g is divided by v?
17
Let c = -178 - -214. What is the remainder when 171 is divided by c?
27
Suppose m + 3940 = 5*m. Suppose 0 = -4*v + 1091 + m. Suppose -3*x + v = 186. Calculate the remainder when x is divided by 28.
27
Let o = -1584 - -1662. What is the remainder when 139 is divided by o?
61
Suppose -56 = -4*o + 3*g, 3*g = 2*o - 2*g - 28. Calculate the remainder when 52 is divided by o.
10
Let d(l) = -23*l**2 + 92*l + 11. Let k = -1 + 4. Calculate the remainder when d(4) is divided by k.
2
Suppose 11 = 2*y - q, 3*y + 16 = 7*y + 4*q. Suppose 80 = -k + y*k. Let o = 8 + -1. Calculate the remainder when k is divided by o.
6
Let g be 6 + -8 - (0 - 2). Suppose i - 8 - 28 = g. What is the remainder when 143 is divided by i?
35
Let v(g) = -3*g - 12. Let u be v(-4). Suppose u*p - 4*p + 196 = 0. What is the remainder when p is divided by 17?
15
Let v = -1601 - -1630. Calculate the remainder when 546 is divided by v.
24
Let i(z) = -5*z**3 - 6*z**2 - 2*z + 8. Calculate the remainder when i(-4) is divided by 25.
15
Suppose 91 = 4*c + 2*u - 7, -2*u = -c + 27. Calculate the remainder when (-20)/c*195/(-6) is divided by 7.
5
Suppose k - 16 + 51 = 2*x, 4*k = -5*x + 55. Suppose 2*r - 1 + 86 = z, x = 3*r. What is the remainder when z is divided by 12?
11
Let r be ((-8)/(-12))/((-4)/(-162)). Suppose 85 = 4*h - r. Suppose -901 = 16*l - 33*l. What is the remainder when l is divided by h?
25
Suppose -30*d = -36*d + 162. Suppose -9 = -5*v + 11. Suppose -2*l + 302 = v*y, l = 2*y + 5*l - 136. Calculate the remainder when y is divided by d.
24
Suppose q + 1 = -a + 20, 5*q - 4*a = 113. Calculate the remainder when (-25)/((-225)/486) - -8 is divided by q.
20
Let i be (-4)/18 + (-11)/(-9). Let a be i/1*(-2 - 2). Let g(w) = -w**3 - 4*w**2 - 2*w - 3. Calculate the remainder when 9 is divided by g(a).
4
Let r(f) = -2*f**2 - 48*f - 51. Calculate the remainder when r(-22) is divided by 5.
2
Suppose 7*o - 4*o - 39 = 0. Let v(g) = g**2 - 3*g - 21. What is the remainder when v(-5) is divided by o?
6
Let t(q) = 55*q - 373. What is the remainder when 730 is divided by t(7)?
10
Let n(w) = 2*w - 14. Calculate the remainder when -1 + 8 + 1 + 0 is divided by n(9).
0
What is the remainder when 64 is divided by (-12)/(-8)*1*(-76)/(-3)?
26
Let m = -23 + 23. Let l be 3 + m - (-18)/(-6). Suppose -175 = -3*v - 2*r - l*r, -5*v + 5*r + 275 = 0. What is the remainder when v is divided by 12?
9
Suppose 0 = -5*v + 6*v - 2*s - 68, 3*v - 232 = -s. Suppose m = -m + v. What is the remainder when m is divided by 13?
12
Suppose -3*y - 10 = -5*o + 100, -5*y = 0. Let z = 5036 - 4949. Calculate the remainder when z is divided by o.
21
Let o = -108 - -113. Suppose -2*s - o*r + 84 = 20, -16 = -4*r. Calculate the remainder when 64 is divided by s.
20
Suppose -3*x + 0*a = 2*a - 125, -4*x - a = -165. Calculate the remainder when 84 is divided by x.
2
Let i(g) = -3*g**2 + 4*g + 1. Let w be i(2). Calculate the remainder when 3*(10 - (2/w - 0)) is divided by 18.
14
Let u(v) = -8*v - 1. Let g be u(-4). Suppose 3*n = 2*s - s + g, 5*n - 2*s = 50. Calculate the remainder when 69 is divided by n.
9
What is the remainder when (-24714)/(-144) + (-9)/(-24) is divided by 6?
4
Let f(j) = -2*j**3 + 5*j**2 - 2*j + 2. Calculate the remainder when 36 is divided by f(2).
0
Let w(u) = u**3 - 5*u**2 - u - 9. Let j be w(5). Let v = j - -21. Calculate the remainder when 12 is divided by v.
5
Suppose 0 = 11*l - 6*l - 100. What is the remainder when 175 is divided by l?
15
Let h(s) = 2*s**3 - 35*s**2 + 19*s - 19. What is the remainder when 43 is divided by h(17)?
13
Let b = 1052 - 960. What is the remainder when 919 is divided by b?
91
Let w(m) = 0 - 5*m - 2 + 3*m + m. Let t be w(-5). Suppose -261 = -t*i - 0*i. What is the remainder when i is divided by 22?
21
Let b(o) = -2*o**3 - 4*o**2 + 4*o + 7. Let a be b(-5). Suppose -127 = 4*z + a. Let p = 98 + z. Calculate the remainder when p is divided by 11.
10
Suppose -3*l + 302 = 77. Calculate the remainder when l is divided by 20.
15
Suppose -3*g - 2*g + 3*i = -48, 3*g - 26 = -i. Let a be 3/(7/4 - 1). Let o(u) = u**2 + u - 4. What is the remainder when o(a) is divided by g?
7
Let h(u) = -u**2 - 12*u - 6. Let o be (-1)/((-1)/3) + -1 + -13. Let f = 26 + -17. What is the remainder when f is divided by h(o)?
4
Suppose 7*h - 13*h = -36. What is the remainder when 46 is divided by (h/(-7))/((-25)/700)?
22
Let u = -553 + 600. What is the remainder when 172 is divided by u?
31
Suppose 2*v = -5*n - 0*n + 50, 0 = -v + 5*n + 40. Calculate the remainder when 86 is divided by v.
26
Suppose 0 = -4*c + 4*o + 4620, 2*c - 4*o - 526 = 1776. Suppose -11*r = -414 - c. Calculate the remainder when r is divided by 36.
35
Let z(j) = -j + 44. Let h be z(0). Suppose x - h = 5*d, 0 = -2*x + 4*x + 5*d - 58. What is the remainder when x is divided by -6*((-3)/2 + 0)?
7
Let l(w) = -w**2 + 6*w - 1. Let s be l(7). Let p(r) = r**3 + 7*r**2 - 9*r - 1. Calculate the remainder when p(s) is divided by (-5 - -2)/((-2)/2).
1
Let w = -116 - -64. Let z = w - -102. What is the remainder when z is divided by 18?
14
Let c(z) = -2*z**2 - 25*z - 46. Let u be c(-15). Let f = 151 + u. What is the remainder when 89 is divided by f?
29
Suppose 3*f - 2*l = 4*f - 549, 1074 = 2*f - 2*l. What